[INFO] cloning repository https://github.com/Sherlock-Holo/lycoris
[INFO] running `Command { std: "git" "-c" "credential.helper=" "-c" "credential.helper=/workspace/cargo-home/bin/git-credential-null" "clone" "--bare" "https://github.com/Sherlock-Holo/lycoris" "/workspace/cache/git-repos/https%3A%2F%2Fgithub.com%2FSherlock-Holo%2Flycoris", kill_on_drop: false }`
[INFO] [stderr] Cloning into bare repository '/workspace/cache/git-repos/https%3A%2F%2Fgithub.com%2FSherlock-Holo%2Flycoris'...
[INFO] running `Command { std: "git" "rev-parse" "HEAD", kill_on_drop: false }`
[INFO] [stdout] d2712fe0aac262d95a51d321ef10b7d050165616
[INFO] checking Sherlock-Holo/lycoris against master#e6e4f7ed1589e03bc2f6c5931c1a72e7947e8682 for beta-170-4
[INFO] running `Command { std: "git" "clone" "/workspace/cache/git-repos/https%3A%2F%2Fgithub.com%2FSherlock-Holo%2Flycoris" "/workspace/builds/worker-6-tc2/source", kill_on_drop: false }`
[INFO] [stderr] Cloning into '/workspace/builds/worker-6-tc2/source'...
[INFO] [stderr] done.
[INFO] validating manifest of git repo https://github.com/Sherlock-Holo/lycoris on toolchain e6e4f7ed1589e03bc2f6c5931c1a72e7947e8682
[INFO] running `Command { std: CARGO_HOME="/workspace/cargo-home" RUSTUP_HOME="/workspace/rustup-home" "/workspace/cargo-home/bin/cargo" "+e6e4f7ed1589e03bc2f6c5931c1a72e7947e8682" "metadata" "--manifest-path" "Cargo.toml" "--no-deps", kill_on_drop: false }`
[INFO] started tweaking git repo https://github.com/Sherlock-Holo/lycoris
[INFO] finished tweaking git repo https://github.com/Sherlock-Holo/lycoris
[INFO] tweaked toml for git repo https://github.com/Sherlock-Holo/lycoris written to /workspace/builds/worker-6-tc2/source/Cargo.toml
[INFO] crate git repo https://github.com/Sherlock-Holo/lycoris already has a lockfile, it will not be regenerated
[INFO] running `Command { std: CARGO_HOME="/workspace/cargo-home" RUSTUP_HOME="/workspace/rustup-home" "/workspace/cargo-home/bin/cargo" "+e6e4f7ed1589e03bc2f6c5931c1a72e7947e8682" "fetch" "--manifest-path" "Cargo.toml", kill_on_drop: false }`
[INFO] running `Command { std: "docker" "create" "-v" "/var/lib/crater-agent-workspace/builds/worker-6-tc2/target:/opt/rustwide/target:rw,Z" "-v" "/var/lib/crater-agent-workspace/builds/worker-6-tc2/source:/opt/rustwide/workdir:ro,Z" "-v" "/var/lib/crater-agent-workspace/cargo-home:/opt/rustwide/cargo-home:ro,Z" "-v" "/var/lib/crater-agent-workspace/rustup-home:/opt/rustwide/rustup-home:ro,Z" "-e" "SOURCE_DIR=/opt/rustwide/workdir" "-e" "CARGO_TARGET_DIR=/opt/rustwide/target" "-e" "CARGO_HOME=/opt/rustwide/cargo-home" "-e" "RUSTUP_HOME=/opt/rustwide/rustup-home" "-w" "/opt/rustwide/workdir" "-m" "1610612736" "--user" "0:0" "--network" "none" "ghcr.io/rust-lang/crates-build-env/linux@sha256:19e73879b68f455e41552ea35293514db52ea292d993f571636dbffedb77a1ee" "/opt/rustwide/cargo-home/bin/cargo" "+e6e4f7ed1589e03bc2f6c5931c1a72e7947e8682" "metadata" "--no-deps" "--format-version=1", kill_on_drop: false }`
[INFO] [stdout] 7ea87601bc548431062730bc4eb5a84621ae05ea1e99dd381d9e2c12911d30da
[INFO] running `Command { std: "docker" "start" "-a" "7ea87601bc548431062730bc4eb5a84621ae05ea1e99dd381d9e2c12911d30da", kill_on_drop: false }`
[INFO] running `Command { std: "docker" "inspect" "7ea87601bc548431062730bc4eb5a84621ae05ea1e99dd381d9e2c12911d30da", kill_on_drop: false }`
[INFO] running `Command { std: "docker" "rm" "-f" "7ea87601bc548431062730bc4eb5a84621ae05ea1e99dd381d9e2c12911d30da", kill_on_drop: false }`
[INFO] [stdout] 7ea87601bc548431062730bc4eb5a84621ae05ea1e99dd381d9e2c12911d30da
[INFO] running `Command { std: "docker" "create" "-v" "/var/lib/crater-agent-workspace/builds/worker-6-tc2/target:/opt/rustwide/target:rw,Z" "-v" "/var/lib/crater-agent-workspace/builds/worker-6-tc2/source:/opt/rustwide/workdir:ro,Z" "-v" "/var/lib/crater-agent-workspace/cargo-home:/opt/rustwide/cargo-home:ro,Z" "-v" "/var/lib/crater-agent-workspace/rustup-home:/opt/rustwide/rustup-home:ro,Z" "-e" "SOURCE_DIR=/opt/rustwide/workdir" "-e" "CARGO_TARGET_DIR=/opt/rustwide/target" "-e" "CARGO_INCREMENTAL=0" "-e" "RUST_BACKTRACE=full" "-e" "RUSTFLAGS=--cap-lints=forbid" "-e" "RUSTDOCFLAGS=--cap-lints=forbid" "-e" "CARGO_HOME=/opt/rustwide/cargo-home" "-e" "RUSTUP_HOME=/opt/rustwide/rustup-home" "-w" "/opt/rustwide/workdir" "-m" "1610612736" "--user" "0:0" "--network" "none" "ghcr.io/rust-lang/crates-build-env/linux@sha256:19e73879b68f455e41552ea35293514db52ea292d993f571636dbffedb77a1ee" "/opt/rustwide/cargo-home/bin/cargo" "+e6e4f7ed1589e03bc2f6c5931c1a72e7947e8682" "check" "--frozen" "--all" "--all-targets" "--message-format=json", kill_on_drop: false }`
[INFO] [stdout] 7a71e56231c72f191b3cc8a535958a2a993df148c6f7d4d0b2046349453a4b7e
[INFO] running `Command { std: "docker" "start" "-a" "7a71e56231c72f191b3cc8a535958a2a993df148c6f7d4d0b2046349453a4b7e", kill_on_drop: false }`
[INFO] [stderr]    Compiling proc-macro2 v1.0.56
[INFO] [stderr]    Compiling quote v1.0.26
[INFO] [stderr]    Compiling unicode-ident v1.0.8
[INFO] [stderr]    Compiling libc v0.2.141
[INFO] [stderr]    Compiling syn v1.0.109
[INFO] [stderr]    Compiling log v0.4.17
[INFO] [stderr]     Checking once_cell v1.17.1
[INFO] [stderr]     Checking pin-project-lite v0.2.9
[INFO] [stderr]    Compiling futures-core v0.3.28
[INFO] [stderr]     Checking bytes v1.4.0
[INFO] [stderr]    Compiling futures-channel v0.3.28
[INFO] [stderr]     Checking futures-sink v0.3.28
[INFO] [stderr]    Compiling indexmap v1.9.3
[INFO] [stderr]    Compiling tokio v1.27.0
[INFO] [stderr]    Compiling slab v0.4.8
[INFO] [stderr]    Compiling futures-task v0.3.28
[INFO] [stderr]    Compiling futures-util v0.3.28
[INFO] [stderr]    Compiling heck v0.4.1
[INFO] [stderr]     Checking futures-io v0.3.28
[INFO] [stderr]    Compiling cc v1.0.79
[INFO] [stderr]     Checking tracing-core v0.1.30
[INFO] [stderr]    Compiling typenum v1.16.0
[INFO] [stderr]    Compiling generic-array v0.14.7
[INFO] [stderr]     Checking smallvec v1.10.0
[INFO] [stderr]     Checking tinyvec_macros v0.1.1
[INFO] [stderr]     Checking itoa v1.0.6
[INFO] [stderr]     Checking untrusted v0.7.1
[INFO] [stderr]     Checking hashbrown v0.12.3
[INFO] [stderr]     Checking spin v0.5.2
[INFO] [stderr]     Checking tinyvec v1.6.0
[INFO] [stderr]    Compiling thiserror v1.0.40
[INFO] [stderr]     Checking unicode-bidi v0.3.13
[INFO] [stderr]    Compiling httparse v1.8.0
[INFO] [stderr]     Checking http v0.2.9
[INFO] [stderr]     Checking percent-encoding v2.2.0
[INFO] [stderr]     Checking subtle v2.4.1
[INFO] [stderr]     Checking bitflags v1.3.2
[INFO] [stderr]     Checking try-lock v0.2.4
[INFO] [stderr]     Checking form_urlencoded v1.1.0
[INFO] [stderr]     Checking httpdate v1.0.2
[INFO] [stderr]    Compiling rustls v0.21.0
[INFO] [stderr]    Compiling serde_derive v1.0.160
[INFO] [stderr]     Checking want v0.3.0
[INFO] [stderr]     Checking tower-service v0.3.2
[INFO] [stderr]    Compiling serde v1.0.160
[INFO] [stderr]     Checking base64 v0.21.0
[INFO] [stderr]     Checking cpufeatures v0.2.6
[INFO] [stderr]    Compiling lock_api v0.4.9
[INFO] [stderr]     Checking overload v0.1.1
[INFO] [stderr]     Checking tap v1.0.1
[INFO] [stderr]    Compiling parking_lot_core v0.9.7
[INFO] [stderr]     Checking os_str_bytes v6.5.0
[INFO] [stderr]     Checking nu-ansi-term v0.46.0
[INFO] [stderr]     Checking tracing-log v0.1.3
[INFO] [stderr]     Checking clap_lex v0.2.4
[INFO] [stderr]     Checking rustls-pemfile v1.0.2
[INFO] [stderr]     Checking sharded-slab v0.1.4
[INFO] [stderr]     Checking thread_local v1.1.7
[INFO] [stderr]    Compiling memchr v2.5.0
[INFO] [stderr]     Checking constant_time_eq v0.2.5
[INFO] [stderr]     Checking urlencoding v2.1.2
[INFO] [stderr]     Checking unsafe-libyaml v0.2.8
[INFO] [stderr]     Checking ryu v1.0.13
[INFO] [stderr]    Compiling syn v2.0.15
[INFO] [stderr]     Checking base32 v0.4.0
[INFO] [stderr]     Checking textwrap v0.16.0
[INFO] [stderr]     Checking strsim v0.10.0
[INFO] [stderr]     Checking termcolor v1.2.0
[INFO] [stderr]     Checking unicode-normalization v0.1.22
[INFO] [stderr]     Checking http-body v0.4.5
[INFO] [stderr]     Checking openssl-probe v0.1.5
[INFO] [stderr]    Compiling glob v0.3.1
[INFO] [stderr]    Compiling cfg-if v1.0.0
[INFO] [stderr]     Checking rustls-native-certs v0.6.2
[INFO] [stderr]     Checking ppv-lite86 v0.2.17
[INFO] [stderr]    Compiling proc-macro-error-attr v1.0.4
[INFO] [stderr]    Compiling async-trait v0.1.68
[INFO] [stderr]    Compiling rustversion v1.0.12
[INFO] [stderr]    Compiling aho-corasick v0.7.20
[INFO] [stderr]    Compiling ring v0.16.20
[INFO] [stderr]     Checking tracing-subscriber v0.3.16
[INFO] [stderr]     Checking mio v0.8.6
[INFO] [stderr]     Checking num_cpus v1.15.0
[INFO] [stderr]     Checking socket2 v0.4.9
[INFO] [stderr]     Checking idna v0.3.0
[INFO] [stderr]     Checking atty v0.2.14
[INFO] [stderr]     Checking getrandom v0.2.9
[INFO] [stderr]    Compiling clang-sys v1.6.1
[INFO] [stderr]     Checking object v0.29.0
[INFO] [stderr]    Compiling aya-bpf-cty v0.2.1 (https://github.com/aya-rs/aya?branch=main#b5c2928b)
[INFO] [stderr]     Checking rand_core v0.6.4
[INFO] [stderr]     Checking parking_lot v0.12.1
[INFO] [stderr]    Compiling minimal-lexical v0.2.1
[INFO] [stderr]    Compiling regex-syntax v0.6.29
[INFO] [stderr]     Checking rand_chacha v0.3.1
[INFO] [stderr]     Checking matches v0.1.10
[INFO] [stderr]     Checking url v2.3.1
[INFO] [stderr]     Checking rand v0.8.5
[INFO] [stderr]    Compiling nom v7.1.3
[INFO] [stderr]     Checking idna v0.2.3
[INFO] [stderr]     Checking crypto-common v0.1.6
[INFO] [stderr]     Checking block-buffer v0.10.4
[INFO] [stderr]     Checking hostname v0.3.1
[INFO] [stderr]     Checking digest v0.10.6
[INFO] [stderr]    Compiling libloading v0.7.4
[INFO] [stderr]    Compiling aya-bpf-bindings v0.1.0 (https://github.com/aya-rs/aya?branch=main#b5c2928b)
[INFO] [stderr]     Checking linked-hash-map v0.5.6
[INFO] [stderr]     Checking sha1 v0.10.5
[INFO] [stderr]     Checking sha2 v0.10.6
[INFO] [stderr]     Checking hmac v0.12.1
[INFO] [stderr]     Checking data-encoding v2.3.3
[INFO] [stderr]    Compiling either v1.8.1
[INFO] [stderr]     Checking ipnet v2.7.2
[INFO] [stderr]    Compiling bindgen v0.60.1
[INFO] [stderr]    Compiling humantime v2.1.0
[INFO] [stderr]    Compiling which v4.4.0
[INFO] [stderr]     Checking totp-rs v5.0.1
[INFO] [stderr]     Checking resolv-conf v0.7.0
[INFO] [stderr]     Checking lru-cache v0.1.2
[INFO] [stderr]    Compiling memoffset v0.7.1
[INFO] [stderr]    Compiling rustc-hash v1.1.0
[INFO] [stderr]    Compiling shlex v1.1.0
[INFO] [stderr]    Compiling lazycell v1.3.0
[INFO] [stderr]    Compiling lazy_static v1.4.0
[INFO] [stderr]    Compiling peeking_take_while v0.1.2
[INFO] [stderr]     Checking cidr v0.2.1
[INFO] [stderr]     Checking static_assertions v1.1.0
[INFO] [stderr]    Compiling aya-bpf v0.1.0 (https://github.com/aya-rs/aya?branch=main#b5c2928b)
[INFO] [stderr]     Checking nix v0.26.2
[INFO] [stderr]    Compiling regex v1.7.3
[INFO] [stderr]    Compiling cexpr v0.6.0
[INFO] [stderr]     Checking rustls-webpki v0.100.1
[INFO] [stderr]     Checking sct v0.7.0
[INFO] [stderr]     Checking webpki v0.22.0
[INFO] [stderr]    Compiling tokio-macros v2.0.0
[INFO] [stderr]    Compiling futures-macro v0.3.28
[INFO] [stderr]    Compiling thiserror-impl v1.0.40
[INFO] [stderr]    Compiling num_enum_derive v0.6.1
[INFO] [stderr]     Checking webpki-roots v0.23.0
[INFO] [stderr]    Compiling env_logger v0.9.3
[INFO] [stderr]    Compiling proc-macro-error v1.0.4
[INFO] [stderr]    Compiling num_enum v0.6.1
[INFO] [stderr]    Compiling aya-log-common v0.1.13 (https://github.com/aya-rs/aya?branch=main#b5c2928b)
[INFO] [stderr]    Compiling aya-log-parser v0.1.11-dev.0 (https://github.com/aya-rs/aya?branch=main#b5c2928b)
[INFO] [stderr]    Compiling clap_derive v3.2.18
[INFO] [stderr]    Compiling tracing-attributes v0.1.23
[INFO] [stderr]    Compiling num_enum_derive v0.5.11
[INFO] [stderr]    Compiling enum-as-inner v0.5.1
[INFO] [stderr]    Compiling aya-bpf-macros v0.1.0 (https://github.com/aya-rs/aya?branch=main#b5c2928b)
[INFO] [stderr]    Compiling aya-log-ebpf-macros v0.1.0 (https://github.com/aya-rs/aya?branch=main#b5c2928b)
[INFO] [stderr]     Checking num_enum v0.5.11
[INFO] [stderr]     Checking aya-log-ebpf v0.1.0 (https://github.com/aya-rs/aya?branch=main#b5c2928b)
[INFO] [stderr]     Checking tracing v0.1.37
[INFO] [stderr]     Checking clap v3.2.23
[INFO] [stderr]     Checking futures v0.3.28
[INFO] [stderr]     Checking tokio-util v0.7.7
[INFO] [stderr]     Checking tokio-stream v0.1.12
[INFO] [stderr]     Checking tokio-rustls v0.24.0
[INFO] [stderr]     Checking aya v0.11.0 (https://github.com/aya-rs/aya?tag=aya-log-v0.1.11#d1ec6751)
[INFO] [stderr]     Checking trust-dns-proto v0.22.0
[INFO] [stderr]     Checking h2 v0.3.18
[INFO] [stderr]     Checking serde_yaml v0.9.21
[INFO] [stderr]     Checking trust-dns-resolver v0.22.0
[INFO] [stderr]     Checking aya-log-common v0.1.11 (https://github.com/aya-rs/aya?tag=aya-log-v0.1.11#d1ec6751)
[INFO] [stderr]     Checking aya-log v0.1.11 (https://github.com/aya-rs/aya?tag=aya-log-v0.1.11#d1ec6751)
[INFO] [stderr]     Checking hyper v0.14.26
[INFO] [stderr]     Checking share v0.1.0 (/opt/rustwide/workdir/share)
[INFO] [stderr]     Checking hyper-rustls v0.24.0
[INFO] [stderr]     Checking lycoris-client v0.1.0 (/opt/rustwide/workdir/client)
[INFO] [stderr]     Checking lycoris-server v0.1.0 (/opt/rustwide/workdir/server)
[INFO] [stderr]    Compiling lycoris-bpf v0.1.0 (/opt/rustwide/workdir/bpf)
[INFO] [stdout] warning: associated function `new` is never used
[INFO] [stdout]   --> client/src/listener/http.rs:29:18
[INFO] [stdout]    |
[INFO] [stdout] 28 | impl HttpListener {
[INFO] [stdout]    | ----------------- associated function in this implementation
[INFO] [stdout] 29 |     pub async fn new(addr: SocketAddr) -> io::Result<Self> {
[INFO] [stdout]    |                  ^^^
[INFO] [stdout]    |
[INFO] [stdout]    = note: `#[warn(dead_code)]` on by default
[INFO] [stdout] 
[INFO] [stdout] 
[INFO] [stdout] warning: function `start_http_server` is never used
[INFO] [stdout]   --> client/src/listener/http.rs:71:4
[INFO] [stdout]    |
[INFO] [stdout] 71 | fn start_http_server(
[INFO] [stdout]    |    ^^^^^^^^^^^^^^^^^
[INFO] [stdout] 
[INFO] [stdout] 
[INFO] [stdout] warning: associated function `new` is never used
[INFO] [stdout]   --> client/src/listener/http.rs:29:18
[INFO] [stdout]    |
[INFO] [stdout] 28 | impl HttpListener {
[INFO] [stdout]    | ----------------- associated function in this implementation
[INFO] [stdout] 29 |     pub async fn new(addr: SocketAddr) -> io::Result<Self> {
[INFO] [stdout]    |                  ^^^
[INFO] [stdout]    |
[INFO] [stdout]    = note: `#[warn(dead_code)]` on by default
[INFO] [stdout] 
[INFO] [stdout] 
[INFO] [stdout] warning: function `start_http_server` is never used
[INFO] [stdout]   --> client/src/listener/http.rs:71:4
[INFO] [stdout]    |
[INFO] [stdout] 71 | fn start_http_server(
[INFO] [stdout]    |    ^^^^^^^^^^^^^^^^^
[INFO] [stdout] 
[INFO] [stdout] 
[INFO] [stdout] warning: 2 warnings emitted
[INFO] [stdout] 
[INFO] [stdout] 
[INFO] [stdout] warning: 2 warnings emitted
[INFO] [stdout] 
[INFO] [stdout] 
[INFO] [stdout] error[E0432]: unresolved import `lycoris_client::Connector`
[INFO] [stdout]   --> client/tests/proxy_v6.rs:21:43
[INFO] [stdout]    |
[INFO] [stdout] 21 | use lycoris_client::{BpfListener, Client, Connector, OwnedLink, TokenGenerator};
[INFO] [stdout]    |                                           ^^^^^^^^^
[INFO] [stdout]    |                                           |
[INFO] [stdout]    |                                           no `Connector` in the root
[INFO] [stdout]    |                                           help: a similar name exists in the module: `connect`
[INFO] [stdout] 
[INFO] [stdout] 
[INFO] [stdout] error[E0425]: cannot find value `IPV4_ADDR_MAP` in this scope
[INFO] [stdout]    --> client/tests/proxy.rs:222:18
[INFO] [stdout]     |
[INFO] [stdout] 222 |         .map_mut(IPV4_ADDR_MAP)
[INFO] [stdout]     |                  ^^^^^^^^^^^^^ not found in this scope
[INFO] [stdout]     |
[INFO] [stdout] help: consider importing this constant
[INFO] [stdout]     |
[INFO] [stdout] 1   + use share::map_name::IPV4_ADDR_MAP;
[INFO] [stdout]     |
[INFO] [stdout] 
[INFO] [stdout] 
[INFO] [stdout] error[E0425]: cannot find value `IPV6_ADDR_MAP` in this scope
[INFO] [stdout]    --> client/tests/proxy.rs:225:18
[INFO] [stdout]     |
[INFO] [stdout] 225 |         .map_mut(IPV6_ADDR_MAP)
[INFO] [stdout]     |                  ^^^^^^^^^^^^^ not found in this scope
[INFO] [stdout]     |
[INFO] [stdout] help: consider importing this constant
[INFO] [stdout]     |
[INFO] [stdout] 1   + use share::map_name::IPV6_ADDR_MAP;
[INFO] [stdout]     |
[INFO] [stdout] 
[INFO] [stdout] 
[INFO] [stdout] error[E0425]: cannot find value `PROXY_IPV4_LIST` in this scope
[INFO] [stdout]    --> client/tests/proxy.rs:276:18
[INFO] [stdout]     |
[INFO] [stdout] 276 |         .map_mut(PROXY_IPV4_LIST)
[INFO] [stdout]     |                  ^^^^^^^^^^^^^^^ not found in this scope
[INFO] [stdout]     |
[INFO] [stdout] help: consider importing this constant
[INFO] [stdout]     |
[INFO] [stdout] 1   + use share::map_name::PROXY_IPV4_LIST;
[INFO] [stdout]     |
[INFO] [stdout] 
[INFO] [stdout] 
[INFO] [stdout] error[E0425]: cannot find value `PROXY_IPV4_CLIENT` in this scope
[INFO] [stdout]    --> client/tests/proxy.rs:297:18
[INFO] [stdout]     |
[INFO] [stdout] 297 |         .map_mut(PROXY_IPV4_CLIENT)
[INFO] [stdout]     |                  ^^^^^^^^^^^^^^^^^ not found in this scope
[INFO] [stdout]     |
[INFO] [stdout] help: consider importing this constant
[INFO] [stdout]     |
[INFO] [stdout] 1   + use share::map_name::PROXY_IPV4_CLIENT;
[INFO] [stdout]     |
[INFO] [stdout] 
[INFO] [stdout] 
[INFO] [stdout] error[E0425]: cannot find value `PROXY_IPV6_CLIENT` in this scope
[INFO] [stdout]    --> client/tests/proxy.rs:311:18
[INFO] [stdout]     |
[INFO] [stdout] 311 |         .map_mut(PROXY_IPV6_CLIENT)
[INFO] [stdout]     |                  ^^^^^^^^^^^^^^^^^ not found in this scope
[INFO] [stdout]     |
[INFO] [stdout] help: consider importing this constant
[INFO] [stdout]     |
[INFO] [stdout] 1   + use share::map_name::PROXY_IPV6_CLIENT;
[INFO] [stdout]     |
[INFO] [stdout] 
[INFO] [stdout] 
[INFO] [stdout] error[E0425]: cannot find value `PROXY_IPV4_LIST_MODE` in this scope
[INFO] [stdout]    --> client/tests/proxy.rs:326:18
[INFO] [stdout]     |
[INFO] [stdout] 326 |         .map_mut(PROXY_IPV4_LIST_MODE)
[INFO] [stdout]     |                  ^^^^^^^^^^^^^^^^^^^^ not found in this scope
[INFO] [stdout]     |
[INFO] [stdout] help: consider importing this constant
[INFO] [stdout]     |
[INFO] [stdout] 1   + use share::map_name::PROXY_IPV4_LIST_MODE;
[INFO] [stdout]     |
[INFO] [stdout] 
[INFO] [stdout] 
[INFO] [stdout] error: aborting due to 6 previous errors
[INFO] [stdout] 
[INFO] [stdout] 
[INFO] [stdout] For more information about this error, try `rustc --explain E0425`.
[INFO] [stdout] 
[INFO] [stdout] error: aborting due to previous error
[INFO] [stdout] 
[INFO] [stdout] 
[INFO] [stderr] error: could not compile `lycoris-client` (test "proxy") due to 7 previous errors
[INFO] [stderr] warning: build failed, waiting for other jobs to finish...
[INFO] [stdout] For more information about this error, try `rustc --explain E0432`.
[INFO] [stdout] 
[INFO] [stderr] error: could not compile `lycoris-client` (test "proxy_v6") due to 2 previous errors
[INFO] running `Command { std: "docker" "inspect" "7a71e56231c72f191b3cc8a535958a2a993df148c6f7d4d0b2046349453a4b7e", kill_on_drop: false }`
[INFO] running `Command { std: "docker" "rm" "-f" "7a71e56231c72f191b3cc8a535958a2a993df148c6f7d4d0b2046349453a4b7e", kill_on_drop: false }`
[INFO] [stdout] 7a71e56231c72f191b3cc8a535958a2a993df148c6f7d4d0b2046349453a4b7e
